*k = -2*b - 24. Determine l(k).
-12
Suppose 154 = 5*s - 4*w, -714 + 682 = -s + w. Let m(j) = -10*j + 249. What is m(s)?
-11
Let d(i) = -3*i + 24*i + 464 - 458. Let n(y) = -2*y - 1. Let g(k) = -d(k) - 12*n(k). Let x(u) = u. Let z be x(-5). Determine g(z).
-9
Let y(r) = 8*r**2 + 226*r - 19 - 6*r**2 + 183*r - 381*r. Determine y(-14).
-19
Let o(d) = -d**3 + 4*d**2 - 2*d - 3. Suppose 5*j + 28 - 13 = 0. Let l be 3 - (-2 + 4 + j). Suppose -3*u + l*t + 24 = 0, 2*u + 2*t - 6 = -u. Calculate o(u).
-11
Let j(a) = -a**2 + 11*a - 2. Let c(b) be the second derivative of 7*b**3/3 + 61*b**2 + b - 7. Let s be c(-8). Calculate j(s).
8
Let n(t) = -4*t**2 + 62*t + 103. Let r be n(17). Let g(j) = 8*j - 3. Give g(r).
5
Let k(q) = 2*q. Suppose -3 = 18*i - 19*i. Suppose i*j + 1 = 4*c + 6, -2*c = -3*j + 7. Calculate k(j).
6
Let v(t) be the third derivative of -5*t**4/12 - 7*t**3/3 + 2*t**2 + 37*t. Determine v(0).
-14
Let v = 44 + -26. Let s = -22 + v. Let x be -2*(s/(-1) - 6). Let l(n) = 4*n + 1. Determine l(x).
17
Let y(b) = -4*b**3 + 8*b**2 + 16*b - 4. Let m be y(-5). Suppose 6*n + m - 592 = 0. Let g(v) = -v**3 - 2 - 2*v**2 - 3*v**2 + v**2 + v. Calculate g(n).
-6
Let s = 257 - 253. Let g(b) = -41*b**2 + 0 + s*b + 40*b**2 - 5 + 12. Calculate g(6).
-5
Let c = -180 - -176. Let k(b) = 27*b + 113. Let v be k(c). Let n(u) = -u**3 + 6*u**2 - 2*u - 7. Calculate n(v).
8
Let s(d) = 9569*d**2 - 9574*d**2 + 73*d - 13*d. Calculate s(12).
0
Let r(f) = -8*f**2 + 13*f - 8. Let s(w) = 40*w**2 - 69*w + 46. Let a(z) = -11*r(z) - 2*s(z). What is a(-1)?
9
Let h(v) be the second derivative of 4*v + 1/2*v**2 + 0 + 2/3*v**3. Let c be (-1380)/(-1656)*(-24)/(-10). Give h(c).
9
Let h(r) = 4*r**3 + r**2 - 1. Let s = -15 + 17. Let q(x) = 9*x - 2*x**2 + 0*x**2 + 3*x**2 + 15 + 0*x**s. Let v be q(-7). Calculate h(v).
4
Let d be (-38)/(-6) + (-2)/(-3). Let m(x) be the second derivative of 1/6*x**3 + 2*x**2 - 1/20*x**5 + 112*x - 1 + 7/12*x**4. What is m(d)?
11
Let r(c) be the third derivative of 0*c - 5/12*c**4 + 0*c**3 + 0 + 0*c**5 + 15*c**2 - 1/80*c**6. Let d(w) be the second derivative of r(w). What is d(-1)?
9
Let b(y) = 1. Let t(p) be the second derivative of -p**3/6 - p**2/2 - 20*p. Let c(s) = -2*b(s) - 2*t(s). Suppose -j - 81 = -78. Determine c(j).
-6
Let k(z) = z**3 + 7*z**2 - 12. Let u = 7402 - 7408. Calculate k(u).
24
Let c = -62 - -66. Let x be -2*(5 - c)/(-1). Let j(k) = -6 + 2 + k + 0*k + x. What is j(10)?
8
Let u(r) = -r - 5. Suppose -20*d + 360 = -56*d. What is u(d)?
5
Let x be (-4*(-2)/4)/((-6)/(-9)). Let j(h) = -9*h + x + 0*h + 6*h. Suppose 0 = -3*s - 3 + 15. Determine j(s).
-9
Suppose -3*d + v - 60 = 0, -2*d - d - 2*v - 51 = 0. Let q(r) = -r**2 - 19*r - 10. Give q(d).
-10
Let u(h) = -h**2 + 7*h - 12. Suppose 42 + 28 = 14*y. Suppose 27 = 4*l + 3*x - 0*x, 2*x - 32 = -y*l. Determine u(l).
-6
Let z be 10/(-25) - 36/10. Let o(m) = -4*m**2 - m + 3. Let p be o(-2). Let g(y) = 2*y + 10. Let s(k) = -k - 5. Let f(v) = p*s(v) - 6*g(v). Determine f(z).
-1
Let w(c) = -c**3 - 19*c**2 - 35*c - 27. Suppose -2*s + 12 = 0, 459*p - 463*p - 44 = 4*s. Determine w(p).
-10
Let d(o) = o**3 - 10*o**2 + o + 5. Let i(y) = 7*y**3 - 92*y**2 + 9*y - 27. Let z(a) = -6*d(a) + i(a). What is z(32)?
39
Let c(d) be the third derivative of -d**6/360 - d**5/24 - d**4/12 - 68*d**3/3 + 7*d**2 + 4. Let f(z) be the first derivative of c(z). Determine f(-4).
2
Suppose 2*w + 10*o = 9*o + 9, -o + 5 = 0. Suppose -5*x + 21 = q - w, 0 = -5*x + 20. Let l(m) = -2*m + 1. Calculate l(q).
-5
Let p(k) = k**2 - 3*k + 1. Let b(o) = 6*o**2 - 10*o + 62. Let d(i) = -b(i) + 5*p(i). Let j(z) be the first derivative of d(z). Calculate j(-5).
5
Let w(t) = 16*t - 15*t + 3 + 0 - 5. Let f be w(0). Let c(h) = -6*h**2 + 12*h**2 - 6*h**2 - 2*h**2 - 2*h - 1. Determine c(f).
-5
Let b(c) = -17*c**3 + 4*c**2 + 8*c + 31. Let o(k) = -21*k**3 + 5*k**2 + 6*k + 33. Let t(r) = -5*b(r) + 4*o(r). Give t(-5).
-68
Let d(r) = -r**3 + 6*r**2 - 5*r - 4. Let j = -559 + 569. Suppose -j*b - 12*b + 110 = 0. What is d(b)?
-4
Let q(v) = v**2 + 6*v + 6. Let y be q(-6). Suppose 0 = -2*p + y*p + 4. Let g(c) be the third derivative of -c**5/60 - c**4/24 - c**3/6 + 322*c**2. Give g(p).
-1
Let t(h) be the third derivative of 2*h**3 + 1/60*h**5 - 6*h**2 + 1/12*h**4 + 0*h + 0. Let z(p) = -p**2 - p - 11. Let g(r) = -5*t(r) - 6*z(r). Determine g(4).
6
Let w be 10*132/(-120) + (-3)/((-6)/10). Let t(h) = -h**2 - 8*h - 13. Calculate t(w).
-1
Let w(i) = -i**3 - 3. Let t(r) = -6*r**2 + 69*r + 313. Let a be t(15). Determine w(a).
5
Let z(q) = -4*q + 5. Suppose 496 = 101*c - 9. Determine z(c).
-15
Let h(f) = 143*f + 2. Let d(l) = -179*l - 1. Let i(y) = -4*d(y) - 5*h(y). What is i(6)?
0
Let g(l) = -l - 22. Let w(s) = -s**3 - 6*s**2 - 23*s - 8. Let k be w(-12). Suppose k*t - 1134*t = 0. Give g(t).
-22
Let l(d) = 3*d - 18*d + 14 - d + 16*d + 5*d. Determine l(2).
24
Let j(o) = -18*o + 54. Let d(z) = z**2 + 36*z - 202. Let l be d(-41). What is j(l)?
0
Let a(n) = -n**2 - 7. Let k(m) = m**2 - m + 14. Let g(o) = -5*a(o) - 4*k(o). Give g(-9).
24
Let r(o) = -o**3 - 13*o**2 + 12*o - 28. Let g be r(-14). Let t be (g + (-30)/(-9))*9/15. Let l(v) = v**2 + v - 1. Determine l(t).
5
Suppose -p + k = -4, 3*p + k - 6*k = 12. Let q(f) = 5*f - 248 + 117 - p*f + 119. Give q(9).
-3
Let r be (-4 + 3)*(0 + 1). Let h(m) be the first derivative of -5*m**4/4 - m**3/3 + m**2/2 + m - 915. Give h(r).
4
Let a(j) = -532*j**2 - 2*j**3 - 524*j**2 - 31 + 4*j + 1043*j**2 - 21 + 3*j**3. What is a(13)?
0
Let j(o) = -3*o - 39. Let l(t) = t + 13. Let k(y) = 2*j(y) + 7*l(y). Suppose 5*x - 4*v + 28 = 0, x - 14 = 5*x + v. Let p be (70/(-28))/((-1)/x). Give k(p).
3
Let x = -95 + 113. Suppose 41*p + x = 47*p. Let v(t) = -4*t - 15. Let g(u) = -3*u - 10. Let a(s) = 7*g(s) - 5*v(s). Determine a(p).
2
Suppose -h + 20 - 65 = -4*u, -2*u - 51 = 3*h. Let r(y) = 9*y + 193. Determine r(h).
4
Let c(b) be the first derivative of -13 - b**3 + 1/2*b**4 - 3*b + 5/2*b**2. Calculate c(3).
39
Suppose 11*w = 13*w - 2*n, -5*w - 6 = -4*n. Let h(c) = 4*c + 21. Give h(w).
-3
Let k(j) = -j**2 + 2*j - 9. Let m = -5712 + 5712. Determine k(m).
-9
Let v(h) = -h**2 - 10*h + 6. Suppose -30*j - 801 = -441. What is v(j)?
-18
Let m be (-28)/(-6) - 665/399. Let b(p) be the second derivative of 0 - 5*p - 3/2*p**2 + 1/2*p**m. Calculate b(2).
3
Let n = -20 + 12. Let l be 5/10*2*3*1. Let v(r) = 4 - 76*r + 43*r + 42*r + 9*r**2 + r**l. Determine v(n).
-4
Let q(b) be the second derivative of -b**3/6 - 23*b**2/2 - 1669*b. Give q(-11).
-12
Let x(v) be the third derivative of v**5/60 - v**4/6 - v**3/2 - v**2 - 164*v. Let m = -154 + 158. What is x(m)?
-3
Let r(m) be the second derivative of -m**5/20 - m**4/2 - m**2 - m. Let v be ((-308)/352 - 93/(-24)) + -9. Determine r(v).
-2
Let p(v) = -1 - 10347*v**3 - 2 + 4*v + 10351*v**3. Give p(1).
5
Let w = -43 + -8. Let p = -52 - w. Let i(s) be the second derivative of -s**5/4 - s**4/12 + s**3/6 + s**2/2 + 28*s. What is i(p)?
4
Let x(f) = -f**2 + 10*f - 12. Let q be (-7 + 4)/(6/(-200)). Suppose a - 46 = -3*w, 0*w = -w - 4*a + 19. Let t be q/w*(-6)/(-5). Give x(t).
4
Let r = -5382 - -5405. Let d(g) = -2*g + 46. What is d(r)?
0
Let s(b) = 324*b - 106*b - 206*b + 2*b**2 - 16. Give s(-7).
-2
Let o(i) = -i + 14. Let c(r) = -7. Let b(p) = 7*c(p) + 2*o(p). Determine b(8).
-37
Let r(b) = b**2 - 6*b + 7. Let v = -11 - -14. Let f(y) be the third derivative of y**5/20 - 7*y**4/24 + y**3/6 + 14*y**2. Let k be f(v). Calculate r(k).
14
Let o(b) = b**2 - 13*b - 2. Suppose -74 = -4*u - 22. Let k be o(u). Let j(y) = 10 + 6 - 29 + 15 - y. Determine j(k).
4
Let r(f) = 4*f**3 - 4*f**2 + 5*f. Let p(c) = -3*c**3 + 3*c**2 - 4*c. Let a = -4 + 9. Let u(w) = a*p(w) + 4*r(w). Suppose -5*g + 64 = 69. What is u(g)?
-2
Let j(f) = 386*f - 1254. Let v(z) = 58*z - 209. Let l(q) = 2*j(q) - 13*v(q). What is l(-12)?
-7
Let p(u) = -u**3 - u - 1. Let b(l) = 2*l**3 + 19*l**2 + 19*l + 75. Let d(g) = b(g) + 3*p(g). Let t be d(20). Let s(r) = -r + 2. Determine s(t).
10
Suppose 4*t + 5 = 9*t. Let f(z) = -z + 4. Let x(p) = 3*p + 39. Let i(a) = -10*f(a) + x(a). Give i(t).
12
Suppose -46*g - 135 = 49. Let d(f) = f**2 - 6*f - 40. Calculate d(g).
0
Let h(t) = t**3 + 6*t**2 + 2. Let d(s) = s**2 + 4. Let p be d(0). Let l be (-1)/(p + (-38)/10). Let f = -11 - l. What is h(f)?
2
Let